
True
Is 5802521 composite?
False
Is 33892541 a composite number?
False
Is 463345 a composite number?
True
Is 109162241 a composite number?
True
Is 9705169 a prime number?
False
Is 287841695 a prime number?
False
Is 99650242 a composite number?
True
Is 5978603 a prime number?
True
Is 12049613 composite?
True
Is 259029713 a prime number?
True
Is 6628477 prime?
True
Is 235699 a composite number?
False
Is 12557587 a composite number?
True
Is 5880437 composite?
False
Is 145298641 a composite number?
True
Is 2223349 a composite number?
True
Is 68973793 a composite number?
True
Is 289099 composite?
False
Is 281353 composite?
False
Is 111793823 composite?
True
Is 15903883 prime?
False
Is 176590957 a composite number?
False
Is 1586657 a composite number?
True
Is 10703107 composite?
False
Is 14805289 a prime number?
True
Is 11950399 a prime number?
True
Is 4553611 prime?
True
Is 3222371 composite?
True
Is 6379529 a composite number?
True
Is 2053411 prime?
True
Is 102178421 a composite number?
False
Is 95525967 a prime number?
False
Is 53320961 a prime number?
False
Is 6217723 prime?
False
Is 5063945 a prime number?
False
Is 30475489 a composite number?
True
Is 1771969 a composite number?
True
Is 148699763 a composite number?
True
Is 20160023 prime?
False
Is 1865569 a composite number?
False
Is 133223689 a prime number?
False
Is 12854483 a prime number?
True
Is 71431229 a composite number?
True
Is 508171519 a prime number?
True
Is 2062147 a composite number?
False
Is 198082967 a composite number?
False
Is 596941519 a prime number?
False
Is 20239727 a composite number?
False
Is 11906339 a composite number?
True
Is 148347629 prime?
False
Is 17031227 prime?
True
Is 344534881 a composite number?
True
Is 40124629 prime?
False
Is 6484171 prime?
False
Is 34313261 composite?
False
Is 803477 a prime number?
False
Is 271879 a prime number?
True
Is 50066131 prime?
True
Is 475040009 composite?
False
Is 4042371 a prime number?
False
Is 50839619 a prime number?
True
Is 71527 a prime number?
True
Is 10909699 a prime number?
False
Is 1150363 composite?
False
Is 17281879 composite?
True
Is 2251807 a composite number?
False
Is 29987231 a prime number?
False
Is 226154787 composite?
True
Is 55045583 prime?
True
Is 10561939 prime?
False
Is 1468787 a prime number?
False
Is 69965767 a composite number?
False
Is 1011026789 a prime number?
True
Is 12878669 a prime number?
True
Is 1797581 a composite number?
False
Is 109412827 a prime number?
False
Is 7436659 composite?
True
Is 256294 a composite number?
True
Is 61392079 prime?
False
Is 187035815 prime?
False
Is 117230339 composite?
False
Is 4149901 composite?
True
Is 4290311 prime?
True
Is 15343547 a composite number?
False
Is 3348223 composite?
False
Is 7616794 a composite number?
True
Is 215036263 a prime number?
False
Is 3398377 a prime number?
False
Is 1940747 composite?
False
Is 39699953 prime?
True
Is 14540863 prime?
True
Is 1577353 prime?
True
Is 2506591759 a composite number?
True
Is 151571933 a prime number?
True
Is 297089 composite?
True
Is 2706853 a prime number?
False
Is 36650093 a prime number?
True
Is 1895843 a composite number?
True
Is 43333751 prime?
True
Is 40999567 composite?
True
Is 371674427 a composite number?
False
Is 14919889 prime?
True
Is 138350959 composite?
False
Is 96616333 a prime number?
False
Is 265577027 a composite number?
False
Is 215379215 composite?
True
Is 1107674 a prime number?
False
Is 3051397 a composite number?
False
Is 94771 prime?
True
Is 46459849 a composite number?
True
Is 21739087 composite?
True
Is 260111053 prime?
True
Is 269851 prime?
True
Is 876833 composite?
False
Is 11651413 prime?
False
Is 4632493 a prime number?
False
Is 22382363 prime?
True
Is 196635397 a composite number?
True
Is 1566431 a composite number?
True
Is 60413303 prime?
False
Is 5762863 composite?
False
Is 235104037 composite?
True
Is 3602279 a composite number?
False
Is 424361 prime?
False
Is 563131 composite?
False
Is 499399 composite?
True
Is 190725679 a composite number?
True
Is 3435391 composite?
False
Is 16762079 a prime number?
True
Is 106633 composite?
True
Is 122832247 composite?
True
Is 6136111 composite?
False
Is 71440037 a prime number?
True
Is 125865833 a composite number?
False
Is 15392197 a prime number?
False
Is 43266347 a prime number?
False
Is 4979779 prime?
False
Is 163198843 composite?
False
Is 2427797 composite?
False
Is 56981729 a composite number?
True
Is 1791745 composite?
True
Is 151354979 prime?
True
Is 25616683 a composite number?
True
Is 17858935 a composite number?
True
Is 12589189 prime?
True
Is 14423053 a prime number?
True
Is 90060259 a composite number?
True
Is 2534759 a prime number?
False
Is 653117 composite?
False
Is 229826957 a composite number?
False
Is 710183 prime?
False
Is 1933189 a composite number?
True
Is 1053997 a prime number?
False
Is 25526959 a prime number?
False
Is 318023 composite?
False
Is 5396771 composite?
False
Is 207091 a composite number?
True
Is 3396313 composite?
False
Is 22895237 a prime number?
True
Is 22974209 composite?
False
Is 2038083 composite?
True
Is 17216069 composite?
True
Is 1506931 a prime number?
False
Is 131438963 prime?
False
Is 145223 prime?
False
Is 14762357 a prime number?
True
Is 31793771 a prime number?
False
Is 12722317 composite?
False
Is 19691629 a prime number?
True
Is 142639597 a prime number?
False
Is 1867793 prime?
False
Is 26131715 composite?
True
Is 50637083 composite?
True
Is 912545 a composite number?
True
Is 810881 a composite number?
False
Is 56468495 a composite number?
True
Is 1833893 a prime number?
False
Is 9795679 a prime number?
False
Is 13850833 a composite number?
True
Is 17514191 composite?
False
Is 3505235 composite?
True
Is 6993043 a prime number?
True
Is 6421099 a composite number?
False
Is 666075841 a composite number?
False
Is 109835489 a composite number?
False
Is 16437959 a composite number?
False
Is 254593 a prime number?
True
Is 6289379 composite?
False
Is 15437185 a composite number?
True
Is 71334257 composite?
True
Is 2037611 composite?
False
Is 653465 prime?
False
Is 192743303 a composite number?
False
Is 3626585 prime?
False
Is 180211 prime?
True
Is 21579913 a prime number?
True
Is 131158609 prime?
True
Is 2287039 composite?
False
Is 279583399 composite?
True
Is 232467211 prime?
True
Is 53100527 a prime number?
True
Is 2210939 prime?
True
Is 1099099 a composite number?
True
Is 1236701 prime?
True
Is 7367399 composite?
True
Is 319727 a composite number?
False
Is 14718607 prime?
True
Is 170587363 a prime number?
True
Is 399485819 a prime number?
True
Is 49028071 a prime number?
False
Is 4902445 a composite number?
True
Is 121773079 composite?
True
Is 93542693 composite?
False
Is 10722553 prime?
True
Is 1410410567 composite?
False
Is 65263753 composite?
True
Is 30837187 composite?
False
Is 4772627 a prime number?
False
Is 73622141 composite?
True
Is 9385843 a composite number?
True
Is 1798519 prime?
True
Is 2241251 composite?
False
Is 1205609 a prime number?
True
Is 704513 prime?
False
Is 505162783 composite?
False
Is 111817 a prime number?
False
Is 14919221 prime?
False
Is 8864041 composite?
False
Is 94658851 prime?
False
Is 28401259 composite?
False
Is 89135863 composite?
True
Is 82421 composite?
False
Is 195637267 a prime number?
False
Is 32416045 composite?
True
Is 178337519 a composite number?
False
Is 22750481 composite?
True
Is 32546042 composite?
True
Is 961387 prime?
False
Is 8772035 a prime number?
False
Is 1437785 a prime number?
False
Is 61099391 a composite number?
False
Is 1806469 a prime number?
False
Is 41275217 a prime number?
True
Is 5409317 a composite number?
False
Is 25773407 prime?
False
Is 3845095 prime?
False
Is 200359 composite?
True
Is 159130841 prime?
True
Is 40309307 composite?
True
Is 8761899 a composite number?
True
Is 1130566673 a prime number?
False
Is 203449 composite?
False
Is 289631779 a prime number?
True
Is 14815373 a prime number?
True
Is 5157629 composite?
False
Is 83179619 prime?
True
Is 5853047 composite?
False
Is 3432329 a composite number?
False
Is 66419 a prime number?
False
Is 287373095 a composite number?
True
Is 184071455 a prime number?
False
Is 2651083 composite?
False
Is 889139 prime?
True
Is 205629689 prime?
True
Is 8896413 a prime number?
False
